b(y) be the first derivative of -y**3/3 - 15*y**2/2 - 63*y + 1706. Give b(-5).
-13
Let n be (-8)/16 + (-30)/(-4). Let p(h) = 32*h**2 - 2*h + 6. Let t(s) = 11*s**2 - 2*s - 2. Let c(z) = p(z) - 3*t(z). Determine c(n).
-9
Let d(j) = -7*j + 20. Let l(v) be the second derivative of -4*v**3/3 + 21*v**2/2 + 2*v. Let y(h) = 7*d(h) - 6*l(h). Let b = 330 + -319. Calculate y(b).
3
Let m(w) = 16*w. Let t be m(5). Suppose 7*p + t = 17. Let d(h) = -h**3 - 10*h**2 - 10*h - 2. Determine d(p).
7
Let g be ((-30)/(-4))/((-6)/12 + 2). Let d(x) = -7*x + 13. Give d(g).
-22
Let q(x) = -x**3 + 5*x**2 - x. Let y(l) = l**3 - 3*l + 14. Let p be y(0). Suppose p = r + 9. Calculate q(r).
-5
Let j be 15/2*4/(-6). Suppose -24 = -b - 5*m, -4*m - 5 = -5*b - 1. Let s(i) = 3 - i**2 - b*i - 2*i + 4*i - i. Determine s(j).
-7
Let m(h) = 54*h**2 + 17*h - 1. Let x(a) = 244*a**2 + 72*a - 3. Let p(n) = -9*m(n) + 2*x(n). Calculate p(9).
84
Let c(g) = 6*g**2 - 30*g - 7. Let q(s) = 7*s**2 - 33*s - 7. Let v(x) = 8*c(x) - 7*q(x). Let y(p) = p**3 + 8*p**2 + 8*p + 2. Let u be y(-7). Calculate v(u).
13
Let i(p) = 4*p + 1. Let z be i(-1). Let f(c) be the second derivative of c**4/4 - 2*c**2 + 12*c. Give f(z).
23
Let t(k) = -126 - 194*k + 106*k + 71*k + 57*k. Determine t(3).
-6
Let o = 67 + -26. Suppose -5*h + o = -14. Suppose -2*s + 6*s = -5*w - 11, 3*s + h = -w. Let n(p) = -4*p - 4. Give n(s).
12
Let d(q) = -q**3 - 3*q**2 + 3*q + 1. Let w(p) = -p**3 + 7*p**2 - 14*p + 4. Let c be w(4). Let r be (-378)/(-12)*c/3. Let z be 2/7 - (2 + (-54)/r). What is d(z)?
-8
Suppose -4*j - 2*u + 14 = 0, 2*u = 2*j + j - 14. Let s(f) be the third derivative of 0 + 0*f - 2/3*f**3 + 1/24*f**4 + 3*f**2. Determine s(j).
0
Let i(z) = -z**2 + 5*z - 11. Let g be (114/(-342))/(((-2)/6)/(7 - 0)). Calculate i(g).
-25
Let o(c) = -6 + 0 - 3*c**2 + 3*c**3 + 2*c - 12*c**3 + 10*c**3. Let k be o(3). Suppose -7*f + 6 + 50 = k. Let t(r) = r**3 - 9*r**2 + 10*r - 8. Calculate t(f).
8
Let n(a) = -22*a - 13. Let g(w) = 15*w + 10. Let k(l) = 5*g(l) + 4*n(l). Calculate k(1).
-15
Suppose -5*h - u + 18 = 0, 604*h - 2*u - 3 = 601*h. Let r(s) be the third derivative of s**5/60 - s**4/12 - s**3/3 + 2*s**2. Calculate r(h).
1
Let i(o) be the second derivative of o**7/168 + 10*o**4 - 66*o. Let t(x) be the third derivative of i(x). Calculate t(-1).
15
Let l(g) = g**3 + g**2 - g + 8. Suppose 95 + 15 = 11*h. Suppose -27*j = h*j - 7*j. What is l(j)?
8
Let b(y) = -8*y**3 - y**2 - 2*y. Let o be -4*(4 + (3 - (4 - -4)))/(-4). Give b(o).
9
Let m(s) be the second derivative of s**4/6 - s**3/6 + 5*s**2/2 + 58*s. Let i(t) = -t + 4. Let a(o) = 3*i(o) - 2*m(o). What is a(1)?
-3
Let j(z) = z**2 + 8*z + 7. Suppose -737 = 5*p + 3*n, 0 = p - 4*n - 0*n + 152. Let t = p - -143. Calculate j(t).
-8
Let l(q) be the third derivative of -q**4/24 - q**3/3 - 16*q**2. What is l(2)?
-4
Let a = 2327 - 2332. Let z(h) = 4*h. Give z(a).
-20
Let n(f) = -6*f**2 - 53552 - 3*f**3 + 53559 + 4*f**3 - 19*f. Calculate n(7).
-77
Let z be (-4)/(-26) - (-44475)/325. Let h(d) = -6*d + 7 + 2*d + z*d**2 - 72*d**2 - 66*d**2. What is h(-6)?
-5
Suppose -20 = 3*g + 5*v, 131*g + 3*v = 132*g + 30. Let l(j) = 11*j + 169. Calculate l(g).
4
Suppose 13*a + 112 = 29*a. Let w(b) = 9*b - 5. Let z(h) = -4*h + 2. Let t(c) = 3*w(c) + 7*z(c). Give t(a).
-8
Let r = 1 - 0. Let q(o) be the first derivative of o**4/8 - 43*o**2/2 + 116. Let b(u) be the second derivative of q(u). Determine b(r).
3
Let g(y) be the first derivative of -y**3/3 - 3*y**2 - 3*y + 284. Let b(a) = a**2 + 2*a. Let f(h) = -5*b(h) - 3*g(h). Calculate f(8).
-55
Let v(x) = 2*x**2 + 13*x - 91. Let d(h) = -5*h**2 - 26*h + 207. Let g(b) = 3*d(b) + 7*v(b). Determine g(11).
6
Let s(x) be the first derivative of -2*x**3/3 - 53*x**2/2 - 69*x + 5232. What is s(-25)?
6
Let p be 8/(-6)*(-261)/116. Let c(z) = z**2 + 5*z - 26. What is c(p)?
-2
Suppose 9*i + 4 = 10*i. Suppose 8*s = i*s + 64. Suppose -3 = -s*w + 19*w. Let n(q) = 6*q**2 + 2*q + 1. Calculate n(w).
5
Let p(o) = 9*o - 637. Let b(r) = -3*r + 333. Let l(k) = 15*b(k) + 8*p(k). Calculate l(4).
7
Let a = 23 - 18. Let u(b) = -b**2 + 8*b - 16. Let n be u(a). Let y(c) = -3*c**3 - 2*c**2 - c. Let f be y(n). Let s(h) = 6*h**2 - h - 2. Calculate s(f).
20
Suppose -168 = -18*s - 6. Let f(t) = s*t + t**2 - 1 - 3 + 0 - 4. Give f(-9).
-8
Let o(t) = -t**2 - 5*t + 5. Suppose -1815 = -5*h - 6*h. Let c = -170 + h. What is o(c)?
5
Let f(u) = 3*u**3 + u**2 + u - 20. Suppose 16*n + 3 - 3 = 232*n. Calculate f(n).
-20
Let x(j) = 249*j - 1. Let g(r) = 96*r - 1. Let s(b) = -8*g(b) + 3*x(b). Determine s(5).
-100
Let o(n) be the first derivative of 0*n + 0*n**2 - 108 + 14/3*n**3 + 1/4*n**4. Give o(-14).
0
Let q(h) = h**2 + 1. Suppose -18*l - 2*p = -15*l - 20, 2*p = 5*l - 12. Give q(l).
17
Let k(x) = -x**3 + 10*x**2 - 12*x + 3. Let a(i) = -6*i**3 - 4*i**2 + 5. Let c be a(-2). Suppose -f = -4*g + 4*f + c, -2*f = 2. Calculate k(g).
35
Let u(g) = -2*g**3 - g**2 - 7*g - 3. Suppose 24*w - 28*w - 4*x + 16 = 0, -2*x + 12 = 0. Give u(w).
23
Let o(j) be the second derivative of j**4/12 - j**3/2 - 10*j**2 - 5122*j. What is o(6)?
-2
Let q be (1/2)/((-15)/1410). Suppose -2*b + 4*y + 74 = 0, 3*y = b - 14 - 21. Let d = q + b. Let l(x) = x**3 + 5*x**2 - 6*x + 1. Give l(d).
1
Let p(v) = 21*v + 44. Suppose d - 5 = 0, 2 = 4*b + 4*d - 10. Let x be p(b). Let y(i) = -2*i + 3. Calculate y(x).
-1
Let r(w) = 12*w + 6. Let f = 5011 + -5014. What is r(f)?
-30
Let n(x) = x**3 + 13*x**2 + x + 15. Let a be (-3915)/(-116) + -1 + 15/12. Let b be (68/(-12) - 3)/(a/51). Determine n(b).
2
Let j(x) = -x + 11. Let a(u) be the third derivative of u**5/60 + 5*u**4/24 - 9*u**3/2 - 4*u**2. Let w be a(-9). Calculate j(w).
2
Let a(w) = 5*w**2 - 19*w - 10. Suppose -388*x - 4679 = -1289*x - 1075. Determine a(x).
-6
Let y(t) = 10230*t - 5119*t + 5 - 5112*t - 28. Give y(-14).
-9
Let w = 16 - 19. Let l(t) be the third derivative of 5*t**4/24 + t**3/3 - 324*t**2 - 8*t. Determine l(w).
-13
Let t(i) = 0 + 14 - 178480*i - i**2 + 178491*i. Calculate t(0).
14
Suppose 28*h - 33*h = 20. Let p = -11 - -13. Let g = p - h. Let s(r) = -r + 7. What is s(g)?
1
Let u(a) = -4*a**3 + 4*a - 4*a**2 + 702 + 3*a**3 - 709. Let w(h) = -h**3 - 5*h**2 - 2*h + 3. Suppose p + 2 = -2. Let q be w(p). Determine u(q).
-2
Let t(n) be the first derivative of 0*n + 1/24*n**5 + 20/3*n**3 + 0*n**4 + 0*n**2 - 1/360*n**6 - 20. Let q(c) be the third derivative of t(c). Give q(5).
0
Let l(s) = -16*s + 22 - 4 + 189505*s**2 - 189504*s**2. What is l(15)?
3
Suppose 0 = 117*r + 128*r - 255*r + 50. Let j(t) = 2*t - 21. Determine j(r).
-11
Let n(a) = -a**3 - 2622*a + 5216*a - 2587*a - 9 + 3*a**2. Calculate n(5).
-24
Let m(c) = 3 + 5 - 4 + 13*c**2 + 5*c. Let j(a) = -10*a - 104. Let q be j(-10). Let l(i) = -14*i**2 - 6*i - 5. Let w(h) = q*l(h) - 5*m(h). Determine w(1).
-10
Let d(j) = 9*j**3 + j - 2. Let x(q) = -443*q + 5760. Let k be x(13). Calculate d(k).
8
Let z(v) = 4*v - 30. Let k(q) = 5*q**2 - 44*q - 54. Let s be k(10). What is z(s)?
-6
Suppose 92 = 10*q - 28. Let d(l) = -8 - l**3 - 5*l - 3*l - q*l**2 + 2 - 3*l. What is d(-11)?
-6
Suppose y + 48 = 14*y + 399. Let h(z) = 2*z + 58. Calculate h(y).
4
Let c(t) = 2*t**3 + 27*t**2 - 13*t - 23. Let p be (-1598)/136 + -4 + 14/8*1. Calculate c(p).
-37
Let h(i) = -2*i**3 - 8*i**2 - i - 2. Let q = -4008 - -4004. Determine h(q).
2
Let y(b) = b**3 - 2*b**2 + 2*b - 3. Suppose g = -2*m + 21, 12 + 18 = 3*g - 5*m. Let w = 21 - g. Suppose 0 = 5*d + 2*f - w, 4*f + 5 = -3. Determine y(d).
1
Let o(d) = -17*d + 39. Let i be o(2). Suppose -10 = -a - i. Let y(t) = t**3 - 4*t**2 - 7*t - 1. Determine y(a).
-11
Let f(m) = 11*m - 50. Let w be 30/24*232/60 + 2/12. What is f(w)?
5
Let l(f) = f**3 + 10*f**2 + 10*f + 3. Let n be l(-9). Let w(z) = z**3 + 6*z**2 - 5*z - 25. Calculate w(n).
5
Let w be ((-54)/(-15))/(10/75 + 0). Let s = w + -24. Let y(p) = -s*p - 2*p + 6*p + 0*p. Give y(-4).
-4
Let v(r) = -105*r - 6097. Let h be v(-58). Let c(a) = -3*a - 3 + 24*a**2 - 32*a**2 - a**3 + 7 - 5*a. Give c(h).
11
Let j(k) = 19*k - 10*k**2 - 26 - k**3 - 4*k + 4*k + 2*k**3 - 8*k**2. What is j(17)?
8
Let w(f) = 316*f + 3491. Let n be w(-11). Let j(z) = 2*z - 37. Determine j(n).
-7
Let b(d) = 2*d**2 + 53*d - 54. Let z(a) = a**2 + 17*a - 18. Let f(n) = 3*b(n) - 8*z(n). Let m(k) = -k**2 + 11*k - 9. Let l